 2*q(h). Let l be i(5). Suppose 2*y - 5*y + 15 = l. What is the units digit of y?
5
Let j(o) be the third derivative of o**6/120 - 2*o**5/15 + o**4/3 + 2*o**3/3 - 7*o**2. Let r be j(7). Suppose 42 = 13*i - r*i. What is the tens digit of i?
2
Let t(q) = q**3 + q**2 + 2. Let u be t(0). Suppose -1 = p, -o = -4*p + u*p - 86. What is the units digit of o?
4
Suppose 2*r - 4*o - 566 = -r, -4*r = -o - 733. Suppose p - 3*p - 4*h + r = 0, -248 = -3*p - h. What is the units digit of p?
1
Let z(v) = 4*v**2 - 5*v - 19. Let h(l) = 9*l**3 - 2*l**2 + 3*l - 2. Let r be h(1). What is the units digit of z(r)?
7
Suppose 0 = 22*s - 13*s - 5787. Suppose 3*w = -3*d + 978, -5*d = 2*w - 0*d - s. What is the units digit of w?
9
Let b(d) = 2*d**2 - 18*d - 11. Let o be b(15). Let m = -1 + o. Suppose 0 = 6*r - m - 24. What is the units digit of r?
2
Let m(x) = x**2 - x + 1. Let y be (-2 + 3)*0*-1. Let c be m(y). Suppose 15 = 4*v - c. What is the units digit of v?
4
Suppose -2*w + 4*o + 304 = 3*w, w - 5*o = 44. Let d = 14 + w. What is the units digit of d?
8
Suppose -9*g + 4*g = -1690. What is the tens digit of g?
3
Suppose 4*j + 2*w - 9776 = 0, -6*j + 9*j - 7337 = -4*w. What is the tens digit of j?
4
Suppose 5*l + 2*l = 0. Suppose -g = l, 23 = -f + 2*f - g. What is the tens digit of f?
2
Let u be 7/(-28) + 115/(-4). What is the tens digit of (u/(-2))/(13/26)?
2
Let s = -10 + 8. What is the tens digit of s + (2 - 4 - -55)?
5
Let o(p) = -27*p + 31. Let h(l) = 9*l - 10. Let i(r) = -14*h(r) - 4*o(r). What is the units digit of i(-9)?
8
Suppose 14 = o + 3. Let d be 0 - (-42)/(-4)*-2. Let z = d - o. What is the tens digit of z?
1
Let r = -26 - -23. What is the tens digit of -1 - (-222)/(-9)*r?
7
Let g = 880 - 18. What is the tens digit of g?
6
Let r be 70/(-12)*-15*18. Let k be 6/(-39) + r/13. Suppose 3*b = k + 35. What is the units digit of b?
2
Let v = -1064 - -2130. What is the thousands digit of v?
1
Let a = -166 - -363. Suppose 5*j = -3*v + a, -177 = -6*j + j + 2*v. What is the units digit of j?
7
Suppose 4*f - 140 = -5*n, -28 = -3*n + 2*n - 5*f. What is the tens digit of n?
2
Suppose 0 = 3*y - 4*y - 6. Let j(a) = -a + 4. Let q be j(y). Suppose 2*m + 2*d = 16, m - 2*d + 5*d - q = 0. What is the units digit of m?
7
Suppose 580 = 3*i + 5*l, 0 = -2*i + 2*l + 109 + 299. Suppose 0*c + 2*c + 2 = 0, -5*m = 5*c - i. What is the units digit of m?
1
Suppose -35*t = -22*t - 27105. What is the thousands digit of t?
2
Let k = -283 - -456. What is the hundreds digit of k?
1
Let q = 21 + -20. Let x be -4*(-1 - 0/q). Suppose -55 = 3*w - x*w. What is the tens digit of w?
5
Let y(t) = -47*t - 16 + 19 + 17. What is the hundreds digit of y(-5)?
2
What is the tens digit of ((-27)/18)/(3/(-1688))?
4
Let v(s) = s**2 + 13*s - 3. What is the units digit of v(-16)?
5
Let j = 1422 - 567. What is the tens digit of j?
5
Let k = -456 + 523. What is the units digit of k?
7
Let k(j) = j**3 + 11*j**2 - 12*j. Let y be k(-12). Suppose q - 19 = -5*m, -3*q + m + y*m + 121 = 0. Suppose -6 - q = -5*x. What is the units digit of x?
9
Let u(o) = -o**2 + 2*o + 873. What is the hundreds digit of u(0)?
8
Suppose 1110 = 5*x - 3*g, -1130 = -9*x + 4*x - g. Let w = x + -128. What is the tens digit of w?
9
Let n(h) = 443*h**3 + h**2 - 7*h + 3. What is the units digit of n(2)?
7
Suppose 3*p = -2*d + 1671, -17*d + 12*d - 2*p = -4172. What is the hundreds digit of d?
8
Let i(y) = 2*y**2 - 13*y + 39. Let f be i(16). Suppose f = 5*j - 97. What is the units digit of j?
8
Suppose 120*u - 69920 = 5*u. What is the hundreds digit of u?
6
Let c = 2723 - 1909. What is the hundreds digit of c?
8
Suppose -4*r + 268 = 4*t, -3*r + t + 181 = -t. Let m(j) = -j**3 - 10*j**2 - 11*j - 6. Let i be m(-9). Let w = r - i. What is the tens digit of w?
5
Let s(m) = m**2 + 3*m - 1. Let d be -2 + -1 + (-4 - -3). Let x be s(d). What is the units digit of (-192)/(-8) - x/1?
1
Suppose -4*q - x + 6597 = 0, 3*x = -4*q + 2669 + 3938. What is the hundreds digit of q?
6
Suppose 4*g - 5*g = -5. Let y = -104 + 186. Suppose 1 = a, -3*p + g*a + 90 = -y. What is the units digit of p?
9
Let f(y) = y**2 - 8*y + 13. Let t = -33 - -46. Let p(j) = -j**2 + 15*j - 17. Let n be p(t). What is the tens digit of f(n)?
2
Suppose -4*u + 7 - 167 = 0. Suppose -9*o + 3 = -141. What is the units digit of o/u + (-102)/(-5)?
0
Let a = 884 + -472. What is the units digit of a?
2
Suppose 752 - 6184 = -8*g. What is the units digit of g?
9
Suppose -3*m + 5 = 2*p - 0, -5*m - p = -13. Let u = 9 + m. What is the units digit of u?
2
Let v = 1716 + -716. What is the units digit of v?
0
Suppose -1957 = -21*y + 10643. What is the hundreds digit of y?
6
Suppose -9*q + 342 = k - 6*q, -1408 = -4*k - 2*q. What is the tens digit of k?
5
Let b(r) = 3*r**2 + 168*r + 271. What is the thousands digit of b(-69)?
2
Suppose 4*z - 3*z = 0. Suppose z = -3*s + 133 + 62. What is the units digit of s?
5
Let i(c) = -2*c**2 + 131*c + 3*c**2 - 145*c - 11. Let v be i(15). Suppose -v*f + 229 = 5*p, -f + 0*f - 5*p + 76 = 0. What is the tens digit of f?
5
Let z = -325 - -516. What is the hundreds digit of z?
1
Let k(y) = y**2 + 4*y + 7. Let w be k(-3). Suppose 0 = -0*h + 3*h + 5*f - 318, 318 = 3*h + w*f. What is the hundreds digit of h?
1
Let g(q) = -q. Let b be g(6). Suppose -6 = z - 35. Let f = z + b. What is the tens digit of f?
2
Suppose k - f - 325 = -k, 3*k + 3*f = 483. Suppose -4*n = -7*n + k. What is the tens digit of n?
5
Let d(s) = 3*s + 254. What is the tens digit of d(-33)?
5
Let m = 14 - 14. Let a(p) = 2*p**2 - 3*p**2 + p + 18 + m*p**2. What is the tens digit of a(0)?
1
Let f(l) = 83*l**2 - 3*l + 1. What is the hundreds digit of f(2)?
3
Let k(h) = h**2 - 8*h + 15. Let d be k(6). Suppose 2*m - 198 = -3*i - 47, -5*m = -d*i + 179. What is the units digit of i?
3
Let d = -10 + 16. Let a(l) = l + 18. What is the units digit of a(d)?
4
Let c(l) = l - 6. Let i be c(6). Suppose -7*j + 3*j + 100 = i. Suppose -6*w = -w - j. What is the units digit of w?
5
Suppose 4*g - 25 = -l - 240, 2*g - 4*l + 112 = 0. Let z = g - -22. Let m = 23 - z. What is the tens digit of m?
5
Suppose -4*a + 0*a = 4*p - 2116, -2*p + 1061 = -a. What is the tens digit of p?
3
Let v = 1689 - 1163. What is the tens digit of v?
2
What is the hundreds digit of (-3 - -1 - -1)*(1 + -392)?
3
Suppose -4*n = -0*i + 3*i - 315, -4*n - i = -321. What is the tens digit of n?
8
What is the thousands digit of ((-101)/303)/(2/(-19446))?
3
Let f be 16/32*(0 - 0). Suppose 5*c - 313 = -4*u, 236 = -f*c + 4*c - 4*u. What is the units digit of c?
1
Let l(t) be the third derivative of t**6/120 + 7*t**5/60 + 7*t**4/24 + t**3/2 + 2*t**2. Let d be l(-5). What is the units digit of ((-240)/d)/((-2)/6)?
0
Let r(s) = -s - 3. Let q(k) = -k**2 - 12*k - 36. Let c(t) = -q(t) + 6*r(t). Suppose 2*x - x + 10 = 0. What is the units digit of c(x)?
8
Suppose -3*q + 4*q + 860 = 3*s, 579 = 2*s + 5*q. What is the hundreds digit of s?
2
Let s be (-4)/(-8) + (-124)/8. What is the units digit of s/(-10)*(520/(-3))/(-4)?
5
Let v(n) = -1 - 5 + 116*n - 1 - 117*n. Let j be v(-10). Suppose 2*g + j*i - 119 = 0, -i = g + i - 60. What is the units digit of g?
8
Suppose 5*n - 1054 - 166 = 0. What is the hundreds digit of n?
2
Let p(t) be the first derivative of -39*t**4/4 - t**2/2 - 2. What is the tens digit of p(-1)?
4
Let s(h) = 19 - 5*h + h**2 + 27*h - 5*h. Let l be s(-16). Suppose l*f + 4*y - 287 = -2*f, 0 = -4*f - y + 234. What is the tens digit of f?
5
Let s be 3 - -2 - (2 - -1). Suppose 4*f - 4*a = 676, -73 = -f + s*a + 99. What is the hundreds digit of f?
1
Let m(r) = -8*r**2 + 12*r - 15. Let n(k) = 7*k**2 - 13*k + 14. Let x(j) = 3*m(j) + 4*n(j). What is the tens digit of x(5)?
3
Suppose 1836 + 36 = 26*v. What is the units digit of v?
2
Let i = -167 + 106. Let x = 116 - i. What is the tens digit of x?
7
Let c(g) = g**2 + 0*g**2 - 2 + 9*g + 4*g**2 + 0. What is the units digit of c(4)?
4
Let g(o) = -17 + 88*o**3 + 17 - o + 0*o. What is the units digit of g(1)?
7
Let f = -468 - -704. What is the tens digit of f?
3
Let d(j) = 12*j**2 - 3*j**2 + 6*j - 5*j**2 - 19 - 22. What is the units digit of d(6)?
9
Let k(i) = 5*i**2 + i + 15. Let l be k(4). Suppose -3*j - 9 = 0, 3*t = -0*t - 5*j + l. What is the tens digit of t?
3
Let a = -21 - -24. Let k be (-4 - -1*6) + a. Suppose -u = -k*p + 35